10012?
-10120
In base 13, what is 42913 - -2?
42915
In base 4, what is 2302 - 1221020?
-1212112
In base 16, what is -61 - 6105?
-6166
In base 8, what is -3 + 16200?
16175
In base 9, what is 22 - 54328?
-54306
In base 14, what is 22b5 + -4?
22b1
In base 9, what is 33480 + 4?
33484
In base 2, what is 10010 + 111101010101?
111101100111
In base 16, what is -338 + 135?
-203
In base 12, what is -171159 - -1?
-171158
In base 8, what is -67623 - 5?
-67630
In base 7, what is 3544 - 144?
3400
In base 9, what is 10 - 7817?
-7807
In base 4, what is -110 - -20201231?
20201121
In base 13, what is -73b2 + -5?
-73b7
In base 5, what is -202022 + 13?
-202004
In base 10, what is -33 + -22359?
-22392
In base 14, what is -72980 + 3?
-7297b
In base 10, what is -8 + -103503?
-103511
In base 12, what is 132 - 79?
75
In base 13, what is 3 - -49542?
49545
In base 5, what is -101413321 - -4?
-101413312
In base 5, what is -1 + 1111312?
1111311
In base 4, what is 22120130 - 1?
22120123
In base 12, what is -208 + 34?
-194
In base 9, what is -1250 - 370?
-1630
In base 3, what is 10021 + -20120102?
-20110011
In base 14, what is -13 + -2a8?
-2bb
In base 10, what is 179 - -187?
366
In base 13, what is -5a05 - 4c?
-5a54
In base 11, what is -4a + -91a?
-969
In base 15, what is 0 - 6738?
-6738
In base 13, what is -3 + -9627?
-962a
In base 16, what is 5 - -3d8a?
3d8f
In base 2, what is 101101010111111 - -10?
101101011000001
In base 3, what is -2121102 - -101?
-2121001
In base 9, what is -4 + 13617?
13613
In base 3, what is -111 + 1020200?
1020012
In base 4, what is -10200 + 1021?
-3113
In base 4, what is 12003032 + 3?
12003101
In base 3, what is -100021222111 + -21?
-100021222202
In base 2, what is -110010 - -111101011011?
111100101001
In base 7, what is 1126 + -300?
526
In base 5, what is -14420440 + 4?
-14420431
In base 3, what is 10 - 2011222002?
-2011221222
In base 8, what is 61 + 725?
1006
In base 13, what is -72 - 340?
-3b2
In base 4, what is 0 - 213201301?
-213201301
In base 10, what is 10 + -14909?
-14899
In base 9, what is 21185 - -12?
21207
In base 15, what is -a5 - -294?
1de
In base 16, what is 290e0 - -d?
290ed
In base 6, what is -1321351 + -4?
-1321355
In base 4, what is 2032 - 12333?
-10301
In base 4, what is -3 + -31223323?
-31223332
In base 4, what is -130002311 + -11?
-130002322
In base 9, what is -3835 + 455?
-3370
In base 15, what is -2e100 + 3?
-2e0ec
In base 12, what is -11 - -67b?
66a
In base 15, what is -24a2 + e?
-2493
In base 15, what is -3259 + -c?
-3266
In base 4, what is -1003102 - 3022?
-1012130
In base 10, what is 9093 - 4?
9089
In base 10, what is -28789 - 3?
-28792
In base 12, what is 15821 - -1?
15822
In base 7, what is -101345 + -51?
-101426
In base 8, what is -3301 + -4?
-3305
In base 4, what is 2111313020 - 11?
2111313003
In base 9, what is 61 + 21?
82
In base 13, what is -17c - 4a2b?
-4baa
In base 16, what is 1b + 602?
61d
In base 5, what is 32432234 + 1?
32432240
In base 5, what is -4131 + -2024?
-11210
In base 9, what is 2077 + -38?
2038
In base 2, what is -110 - -1010110011100110?
1010110011100000
In base 4, what is -3303 + 222002?
212033
In base 5, what is 122000 + 4?
122004
In base 9, what is 7 - 7168?
-7161
In base 13, what is a2 + 91?
163
In base 5, what is 10201 + -20200?
-4444
In base 5, what is -1233 - 23142?
-24430
In base 11, what is 11 - 1022?
-1011
In base 9, what is 174 - -1416?
1601
In base 4, what is -13303133313 + -3?
-13303133322
In base 9, what is 4 - -150284?
150288
In base 10, what is -12387 - -37?
-12350
In base 15, what is c403 + 8?
c40b
In base 8, what is 36625 - 3?
36622
In base 10, what is -2 + 2007?
2005
In base 9, what is -686 + -3735?
-4532
In base 5, what is 10 - 12041?
-12031
In base 11, what is 4 - -22a836?
22a83a
In base 4, what is 30112212 - -1?
30112213
In base 11, what is -7 - -244306?
2442aa
In base 13, what is 18 - a75?
-a5a
In base 8, what is -3641 - 10?
-3651
In base 14, what is -5d - 4c?
-ab
In base 8, what is -2 + -4471220?
-4471222
In base 8, what is -731 - 34?
-765
In base 13, what is 121 - 0?
121
In base 3, what is -221 - 2100202?
-2101200
In base 4, what is 103023223 - 22?
103023201
In base 3, what is -102101202 + -2100?
-102111002
In base 8, what is 0 + 3431361?
3431361
In base 8, what is -7450 + 2321?
-5127
In base 7, what is 5 + -6652?
-6644
In base 15, what is -2a69d7 + -1?
-2a69d8
In base 5, what is 20 - -12322034?
12322104
In base 3, what is 21120122020 + -10?
21120122010
In base 15, what is 2d + -269?
-23b
In base 12, what is 4a - -14800?
1484a
In base 13, what is -4691 + -178?
-4839
In base 7, what is 401 - -1402?
2103
In base 6, what is -225 - 14035?
-14304
In base 12, what is -5 - -130048?
130043
In base 6, what is 4 - -14322534?
14322542
In base 5, what is -30024 - -4034?
-20440
In base 6, what is -302245 + -23?
-302312
In base 10, what is -345073 - 2?
-345075
In base 7, what is 1314425 + -5?
1314420
In base 7, what is 3 + -166606?
-166603
In base 12, what is -1 - a9618?
-a9619
In base 14, what is 52c + 121?
64d
In base 2, what is 10100100100 + 100100?
10101001000
In base 12, what is -433 + 6a?
-385
In base 7, what is 5 + 322455?
322463
In base 11, what is 38215 + 11?
38226
In base 6, what is -4043322 - -3?
-4043315
In base 2, what is -1010101 - -10101011?
1010110
In base 3, what is 210012 - -1022100?
2002112
In base 13, what is 5 - 1488a?
-14885
In base 8, what is 20 - -1115?
1135
In base 7, what is 3 - 51636?
-51633
In base 11, what is -63 - -12079?
12016
In base 14, what is 113 + 7137?
724a
In base 8, what is 22 - 2057?
-2035
In base 13, what is 3b - 32a1?
-3263
In base 15, what is -94c - -13?
-939
In base 3, what is -10121 - -20121?
10000
In base 10, what is 3 - -8141?
8144
In base 13, what is 2 - -1803b?
18040
In base 12, what is -804 - 247?
-a4b
In base 2, what is 1100110 + 1000100100?
1010001010
In base 7, what is 13313 + 342?
13655
In base 16, what is 586c + 13c?
59a8
In base 7, what is 5300 - 353?
4614
In base 13, what is b881c + 2?
b8821
In base 2, what is -11000 + -111101001000111?
-111101001011111
In base 2, what is -110101 - -101101111?
100111010
In base 16, what is -5b15 - 7?
-5b1c
In base 10, what is -1 - 9039?
-9040
In base 8, what is -101 + -53274?
-53375
In base 15, what is -5 - 47b0?
-47b5
In base 16, what is 14 + -128?
-114
In base 10, what is 9552 - -28?
9580
In base 12, what is 1b2a4 + -27?
1b279
In base 16, what is -8f08 + 10?
-8ef8
In base 6, what is 151440 - 5?
151431
In base 2, what is -100110100000 + 10010?
-100110001110
In base 3, what is -120002100101 - 0?
-120002100101
In base 8, what is -1465631 + 27?
-1465602
In base 12, what is 3 + -20954a?
-209547
In base 8, what is -4 - 3202745?
-3202751
In base 8, what is 22004 - -3?
22007
In base 3, what is -200100 + 10112221?
2212121
In base 10, what is -21 + -49736?
-49757
In base 5, what is 3132 + -1343?
1234
In base 13, what is -7979 + 2?
-7977
In base 10, what is 24 + 496?
520
In base 12, what is -68 + -164?
-210
In base 13, what is -1 + 9c35?
9c34
In base 5, what is -12 + -1121421?
-1121433
In base 4, what is 233131 + -10?
233121
In base 16, what is 2 + 242db?
242dd
In base 6, what is 4 - 5435223?
-5435215
In base 3, what is -2022101 + -121?
-2022222
In base 6, what is -101 - -53025?
52524
In base 4, what is -3 + -22320122?
-22320131
In base 8, what is 5440 - 174?
5244
In base 7, what is 42 + 124326?
124401
In base 12, what is 32a - 3?
327
In base 15, what is 6d + a0?
11d
In base 13, what is 20a3 - -4?
20a7
In base 12, what is -21 - -3240?
321b
In base 14, what is -6d260 - 5?
-6d265
In base 8, what is -455 - -11053?
10376
In base 8, what is 0 + -332711?
-332711
In base 6, what is -1443 - 21?
-1504
In base 11, what is -14 - 2499?
-2502
In base 12, what is 14 + -29a53?
-29a3b
In base 11, what is -40 - -1180?
1140
In base 16, what is 14 + de7?
dfb
In base 15, what is -c5a + e?
-c4b
In base 7, what is 6054 + -5?
6046
In base 12, what is -507 + 111?
-3b6
In base 10, what is 428 + -30?
398
In base 12, what is -a094 - -3?
-a091
In base 12, what is 5 - 22540?
-22537
In base 4, what is 101 + 1003232331?
1003233032
In base 16, what is -5 - -141d2?
141cd
In base 11, what is -1 - a546?
-a547
In base 6, what is -121 + 141405?
141244
In base 13, what is -752053 + 0?
-752053
In base 14, what is 4 - -8d2?
8d6
In base 13, w